me?
False
Let b(v) = 99*v + 1. Let t(i) = i**2 + 2*i - 2. Let z be t(-3). Let j be b(z). Suppose -j = 15*m - 19*m. Is m composite?
True
Let c be (-28)/(-21)*9/6. Is ((-5)/2)/(c/(-356)) prime?
False
Suppose -24*g + 115826 = -22*g. Is g prime?
False
Let q(x) = 45*x**2 + 7*x + 5. Let z be q(6). Let v = z - 475. Suppose 5*b = b + v. Is b prime?
False
Suppose 0 = -76*l - 2113265 + 6532969. Is l a prime number?
False
Let g be (-292)/(2/(-6)*(-63)/(-84)). Suppose -4*j - 782 = x - 3*x, -g = -3*x + 5*j. Is x a composite number?
True
Suppose 0 = -2*y + 8, -2*k + 16 = -5*y - 20. Suppose -5*a = -k + 3. Suppose 5*j - a*u - 165 = 0, -j - 3*j - u + 152 = 0. Is j prime?
True
Let j(a) = -3*a + 7*a + a**3 - 5*a**2 - 4 + 0 + 3. Let b(v) = -v**2 + 4*v + 3. Let d be b(3). Is j(d) composite?
False
Let w = 1855 + 925. Suppose -2*q = -4*x + w, 2*x + 3*q = q + 1402. Is x a composite number?
True
Suppose 0*u - 4*t - 51604 = -4*u, 3*u + 2*t = 38688. Suppose u = -2*l + 4*l. Is l a prime number?
True
Is 165006/6 + -14 + 22 composite?
False
Suppose 0 = -8*a + 28*a - 51620. Is a prime?
False
Let k be (-8)/4 + (-6)/(-3). Let o be -209 + (-2 - k)*1. Let d = 342 + o. Is d a prime number?
True
Let y = -30 - -30. Suppose y = -5*s + 837 + 98. Is s composite?
True
Let x = -32128 + 55985. Is x prime?
True
Let x = -913 + 2198. Is x a prime number?
False
Let k(l) = l + 2*l + 2 + 0*l + 9*l**2. Let z be k(-4). Suppose z = 2*v - 0*v. Is v a prime number?
True
Let i = 93878 + -58611. Is i a prime number?
True
Let t = 30473 - 10732. Is t a prime number?
False
Let p(l) = 78*l**2 - l + 7. Let n be p(-3). Suppose 0*b = -3*v + b - 6, 0 = -v - 4*b - 2. Is n/6 + v/(-6) prime?
False
Suppose -5 = -5*n, 0*x + 2*x - 4*n = 6. Suppose -x*w + 1089 + 3616 = 0. Is w composite?
False
Suppose 0 = 7*o - 2*o - 3*z - 32, 0 = -3*o - 2*z + 23. Suppose -4*x + 19 = o. Suppose 0 = -d + 2*r + 169, 2*r = -4*d + x*r + 711. Is d a prime number?
True
Let t(m) = m**2 - 28*m - 15. Let j be t(32). Let b(v) = 17*v - 1. Let p be b(3). Let x = j + p. Is x a prime number?
True
Let i = -35 - -80. Suppose n + 2*l = 31, 0*n + 5*l = n - i. Is n a prime number?
False
Suppose -v - 6411 = -5*h, 2574 = -6*h + 8*h + 2*v. Is h prime?
True
Let r(u) = -u**3 + 12*u**2 + 30*u - 30. Is r(13) prime?
True
Suppose 0 = -9*u + 4*u. Let f = -118 + 118. Suppose i + f*i - 307 = u. Is i prime?
True
Suppose -109 = 6*v - 841. Suppose 4*q + 6*f = 2*f + 116, 0 = 4*q + f - v. Is q composite?
False
Let b = -13 + 16. Let r = 5 - b. Suppose -4*k + r*k = -374. Is k a prime number?
False
Is -2*9/12*(-31736)/12 a prime number?
True
Let r = -1465 - 270. Let f = 2534 + r. Is f a prime number?
False
Let p = -3 + 12. Suppose -3*z = -0*z - p. Suppose -z*k + 4*k - 58 = 0. Is k prime?
False
Suppose -4*l + 16123 = -l - 4*p, 3*l - 16133 = 2*p. Is l a composite number?
False
Let h(q) = -8*q - 5. Suppose -j - j = 10. Let i = 0 + j. Is h(i) a prime number?
False
Suppose 709 = -2*b + 2509. Let r be ((-4)/6)/(20/b). Let x = 13 - r. Is x composite?
False
Suppose 0 = 5*x + 5*z - 1035, 3*z - 832 = 6*x - 10*x. Is x a prime number?
True
Suppose -45112 = -30*i + 22*i. Is i composite?
False
Suppose -u - 2*d + 8142 = -0*u, 5*u = 2*d + 40734. Is u a composite number?
True
Let k(l) be the third derivative of -103/12*l**4 + 0 + 3*l**2 - 1/2*l**3 + 0*l. Is k(-2) a composite number?
False
Suppose -4*q + m + 87676 = 0, 9*q + 87676 = 13*q + 2*m. Is q composite?
True
Let s(d) = -2*d**2 - 3*d. Suppose 2*g + 6 = -n - 0*n, 0 = -5*n - 10. Let h be s(g). Is h/8 - 6760/(-32) a composite number?
False
Let s be (-2 - 0)*1 + 2. Suppose 5*k + 3 - 43 = s. Suppose 0 = k*d - 5*d - 795. Is d a composite number?
True
Let h = -72 + 76. Suppose 5*k - 5862 = -3*a, h*k - 5 - 7 = 0. Is a composite?
False
Suppose 0 = -14*j + 241774 + 63412. Is j a prime number?
True
Let j = 71 + -66. Suppose j*k - 272 - 384 = -d, 5*k + 2499 = 4*d. Is d a composite number?
False
Suppose g - 4*q = -184 + 1593, -5636 = -4*g + 3*q. Is g a prime number?
True
Suppose 3*r = -526 - 2360. Let l = r + 2763. Is l a composite number?
False
Suppose 2*a - 684 - 330 = 0. Suppose 3*q - 2410 = -2*q - 5*z, -q + 4*z + a = 0. Is q composite?
False
Suppose -2*r - 3*g = 11 + 20, -29 = 4*r - 5*g. Let m = r - 242. Let k = m + 546. Is k prime?
True
Let u(g) = -g**3 - 7*g**2 + 7*g + 7. Let q be u(-5). Suppose -1438 = -6*a - 280. Let z = q + a. Is z a prime number?
False
Let d = 994 + -624. Let q = -602 + d. Is (-1)/(-3) - q/6 composite?
True
Let j(v) = -28*v - 3. Let r be j(-5). Suppose 3*c - 15 = -2*a + r, -c = 2*a - 156. Is a composite?
False
Suppose -3*w = -5*p - 26, -2*w = 2*w - 3*p - 20. Let o(c) = -3*c**2 + 41*c**2 - c**w. Is o(-1) composite?
False
Let i(p) = -p**3 + 33*p**2 - 49*p - 41. Is i(24) a composite number?
False
Suppose 18*r + 3*r = 290829. Is r a composite number?
True
Let c = 55882 + -39551. Is c a composite number?
True
Let x(o) = -o**3 - 5*o**2 - 5*o - 1. Let q be x(-4). Suppose -q*w - 2*w + 5*k + 610 = 0, -5*k = -2*w + 241. Is w a prime number?
False
Let n = -7301 - -17524. Is n prime?
True
Let c(v) = -30*v - 35. Let d(j) = -15*j - 17. Let a(n) = 4*c(n) - 9*d(n). Is a(19) a composite number?
True
Let l be 3/7 + 1257/7. Suppose 10 = 2*y, 3*p + y - 308 = l. Is p prime?
False
Let j(w) = -w - 4. Let o be j(-6). Let h be -21*(-3 + o)/1. Is h*1/(9/6) prime?
False
Is (-16 - (-19)/1)*(-36523)/(-3) a composite number?
False
Suppose 43*a = 22*a + 338709. Is a a prime number?
False
Let l = 2928 - -1155. Is l a prime number?
False
Suppose -t = 2 - 3, 3*n = -5*t + 287. Suppose 4*m - 216 = -f, -2*m + n = -0*m - 3*f. Let a = -15 + m. Is a a composite number?
True
Let r = -2484 - -5117. Is r composite?
False
Let u(t) = 289*t + 7. Let n be -1 - -2*(4/(-8) - -4). Is u(n) prime?
True
Let f(x) = x**3 - 2*x**2 + 5*x - 5. Let j(h) = -5*h**3 + 10*h**2 - 26*h + 24. Let k(b) = 11*f(b) + 2*j(b). Is k(5) a prime number?
True
Let k(l) = 81*l + 19. Let j be k(7). Let r = j - 319. Is r prime?
False
Suppose -11*b + 797809 = 42*b. Is b composite?
False
Let y be -21*(0 - (-6)/(-21)). Let a be ((-6)/(-9))/(y/(-36)). Let q(m) = 12*m**2 - 5*m - 7. Is q(a) composite?
True
Suppose -2*f - 7*i + 157 = -2*i, -3*f + 3*i + 246 = 0. Suppose 4*b = -3*s - s, -2 = -4*s - 5*b. Is (f - -6) + s/(-1) a prime number?
True
Suppose 2*j = -v + 2739, 2855 = 3*j - 3*v - 1249. Is j a composite number?
True
Suppose -61848 = -29*o + 83993. Is o composite?
True
Let q = -46 - -76. Suppose -4*o + 6 + 21 = 5*u, o + q = 4*u. Suppose u*x - 1842 = x. Is x composite?
False
Suppose 4*z - j - 831 = 0, -4*z - 3*j + 0*j = -851. Is z a composite number?
True
Suppose -3*q + 3448 = -5*z, q - 3*q + 2298 = -3*z. Suppose -q = -8*n + 5*n. Is n a composite number?
True
Is (1/3)/((-5)/(-1*36885)) a composite number?
False
Suppose -2*n - 5 = -a - 168, 5*n + 665 = -4*a. Let m be (-203 - -1)/((-3)/6). Let k = a + m. Is k prime?
True
Suppose -67*s + 912735 = -22*s. Is s prime?
False
Suppose -5*b = 5*j + 20, -b + 8 = -5*j - 3*b. Let t = j + 85. Let i = t + 54. Is i composite?
False
Suppose -3*f + 3*a = 9, 5*f + 4*a - 7 + 49 = 0. Let m be (-200)/6 - (-4)/f. Is m*(3 + (-51)/6) composite?
True
Suppose c + 3 = -1, -3*s + 2*c = -2738. Suppose -3*u + 6*u - 2*v - s = 0, -4*u + 1202 = 3*v. Suppose -2*m + u = -980. Is m a composite number?
False
Suppose -9*r = -4*r - 25. Suppose -r*l + 2*l + 534 = 0. Suppose 5*g = 4*t + l + 353, 3*t - 297 = -3*g. Is g composite?
False
Let u be ((-28)/(-42))/((-1)/(-897)). Let m = 61 + u. Is m a composite number?
False
Let d be -35 - (6/3 + -1). Let c = 120 - 61. Let f = c + d. Is f a prime number?
True
Let c be 1/(5 - 3)*-10. Let t(h) = -2*h**3 + 6*h + 3. Is t(c) composite?
False
Suppose -330 = -2*o + 234. Let f = o + 15. Let g = f - -10. Is g prime?
True
Suppose -13*o + 12*o = -2. Suppose o*k + 3*k = 2185. Is k a prime number?
False
Suppose 2*r - 1 - 2 = -5*x, x = 5*r - 21. Is (1 - x)*(-6978)/(-12) a prime number?
True
Let p(t) be the first derivative of 17*t**2/2 - 61*t + 52. Is p(10) a prime number?
True
Is 36/(-162) - 50/18*-125 composite?
False
Let v(l) = -4*l**2 - 43*l - 7. Let a(s) = 2*s**2 + 21*s + 3. Let z(k) = 9*a(k) + 4*v(k). Is z(14) a prime number?
False
Is (-19381 + 0 - -2)/(81/(-81)) a prime number?
True
Let j = 1626 - 424. Let k = -339 + j. Is k composite?
False
Let o(s